test common divisor of 6677 and h.
11
Let p = 1755 - 1728. Let n = -10 + 19. What is the greatest common factor of n and p?
9
Let s(v) = v**2 + 27*v - 51. Let u be s(-29). Let k = 332 - 304. Calculate the greatest common factor of k and u.
7
Suppose -4*k = 2*c - 164, -7*c = -35*k + 31*k - 628. Let i = -13 - -37. What is the highest common divisor of i and c?
8
Let o be 4*4/(-16)*-5. Let g be (-1017)/(-7) - 4*1/14. What is the highest common divisor of g and o?
5
Let w = -112 + 189. Let m be 3/(-4) - 9909/(-108). Suppose 18*a - 107 = m. Calculate the highest common divisor of a and w.
11
Let r(h) = h**3 - h**2 - h - 1. Let l be r(3). Let n(i) = 186*i - 1696. Let q be n(11). What is the greatest common divisor of q and l?
14
Suppose -4*q - 5*j - 3547 + 3620 = 0, -4*q = j - 101. Suppose -2*k - k = -144. Let y be (k - 1) + 4/(-2). What is the greatest common factor of y and q?
9
Suppose 2*c - 34 = -5*l, -2*c + 5*l = c - 1. Let g(f) = -3*f**2 + 13*f - 21. Let b be g(c). Let p = -73 - b. Calculate the greatest common divisor of p and 64.
4
Suppose 21 = 6*n - 9. Suppose -n = -11*t + 28. Suppose t*l = -6*l + 63. Calculate the highest common factor of l and 63.
7
Suppose -3*i = -4*s - 0*i + 11, 0 = s - 3*i + 4. Suppose -2*n + x = n - 160, s*x - 280 = -5*n. What is the highest common divisor of 189 and n?
27
Let z(y) be the second derivative of 19*y**3/6 - 13*y**2/2 + 7*y. Let x = 275 - 271. Let w be z(x). Calculate the greatest common divisor of 42 and w.
21
Let w be (-11 - -14)*(-4)/(-3). Suppose -108 = -5*t - w*t. What is the greatest common factor of 48 and t?
12
Suppose -5*s + 1856 = -3*j, -s + 4*s - 1131 = -4*j. Suppose s - 7061 = -11*r. What is the highest common factor of 19 and r?
19
Let a(r) = -13*r + 291. Let j be a(21). Suppose -4*g + j = m, -2*g + 10 + 8 = 5*m. What is the highest common factor of 10 and m?
2
Let s = 4124 + 315. Calculate the highest common divisor of 69 and s.
23
Suppose 0 = -3*f - 5*g + 10*g + 1742, -4*f - 5*g + 2381 = 0. What is the greatest common divisor of 62 and f?
31
Let n be (-9)/((-162)/24) + (-5106)/18*-1. What is the highest common factor of 1387 and n?
19
Suppose 3*l - 1705 = 4*s - 12164, 7 = l. Calculate the highest common factor of s and 180.
20
Let c = 61 + -59. Suppose -c*o + 69 = -15. Suppose -14*i = -12*i - 12. What is the highest common divisor of o and i?
6
Suppose 3*j = -5*q - 565, 0 = 2*q + 3 + 1. Let x = 191 + j. What is the greatest common factor of x and 9?
3
Let x = 21626 + -19979. Calculate the highest common divisor of x and 1586.
61
Suppose -7*a = -3*a - 20. Suppose 37 = -a*i + 57. Suppose -76 + 24 = -r + 4*m, -3*m + 246 = i*r. What is the highest common divisor of r and 40?
20
Let f(c) = -4*c**2 + 33*c + 128. Let p be f(11). What is the greatest common factor of 121 and p?
1
Let k = 13 - -14. Let v(l) = -18*l**2 + 217*l - 17. Let d be v(12). Let h = k + d. Calculate the highest common factor of h and 242.
22
Let b = 694 - 523. Suppose 0 = -3*x - b + 711. What is the greatest common divisor of x and 15?
15
Suppose -2*m = -3*l + 13 + 41, -m = -3*l + 51. Suppose -4*q + 6*q - 864 = 3*h, -3*q + 1296 = -5*h. What is the greatest common divisor of l and q?
16
Suppose -8*f + 37 = 5. Suppose -2*j + 5*g + 585 = 0, 3*j + f*g - 563 = 303. What is the greatest common divisor of j and 58?
58
Suppose -3*l + 363 = -g, 12*l + 3*g = 7*l + 591. What is the greatest common divisor of 3000 and l?
120
Let l be (45/30)/(1/32). What is the greatest common factor of l and 168?
24
Suppose -5*i - 13791 = -3*y, 13764 = 1626*y - 1623*y + 4*i. What is the highest common factor of y and 112?
112
Let o(c) = c**2 - 12*c + 18. Let k be o(11). Let g be -125*(-8 + k - 1). What is the highest common factor of 10 and g?
10
Let j be (-12330)/35 - 12/(-42). Let q be j/(-2)*(-19 + 20). Calculate the greatest common divisor of 33 and q.
11
Let q be 10 - (27 + -10) - -299. Calculate the greatest common factor of 2993 and q.
73
Let j = -22020 + 22251. What is the highest common factor of 2037 and j?
21
Suppose 2*t = -2*l + 2624, -120*t + 121*t = -5*l + 6580. Calculate the highest common divisor of l and 3.
3
Let h(x) = -235*x - 8221. Let u be h(-35). Calculate the highest common divisor of u and 37.
1
Let g = 490 - 500. Let v be (40/8 - 12)*g/7. What is the greatest common divisor of 45 and v?
5
Suppose 678 + 46 = -4*t. Let a = -168 - t. Calculate the highest common divisor of 4 and a.
1
Suppose w = -3*f - 25, -w - 60 = 5*f - 3*w. Let l be 4/f + (-137)/(-5). Let g = 36812 + -36809. What is the greatest common factor of l and g?
3
Let y = -17703 - -17982. Calculate the greatest common factor of y and 1054.
31
Let k(y) = 3047*y + 24430. Let c be k(-8). What is the highest common divisor of 1809 and c?
27
Suppose -3*v + 2*a = -253 + 246, -4*v + 4*a = -8. Let t be 3/15*-1*-5. Suppose 0*h - t = -h. What is the highest common factor of h and v?
1
Let f = -28 - -40. Let s be (3 + (-27)/f)/(1/28). What is the greatest common divisor of 7 and s?
7
Let a be (-10 + 6)*21/(-12)*2. Let d be 33/(-77) - (-202)/a. What is the greatest common divisor of d and 322?
14
Let i(s) = 123*s - 407. Let y be i(5). What is the greatest common factor of y and 468?
52
Suppose -77*g + 46*g + 27435 = 0. What is the greatest common factor of g and 15?
15
Let m(r) = -4*r**3 + 5*r**2 - 5*r + 1. Let f be m(1). Let u be (-376)/f + (-15)/45. Calculate the greatest common divisor of 5 and u.
5
Let d = -1135 - -4979. Calculate the highest common divisor of 124 and d.
124
Suppose 4*f + 0 = -16. Let o be (4 + 2)/(f/(-66)). Let l = -1712 - -1723. Calculate the greatest common factor of l and o.
11
Let i = 486 - 225. Let m be (6/8)/((-84)/(-6496)). Calculate the greatest common factor of m and i.
29
Let r(i) = -i**3 - 154*i**2 + 98*i - 8800. Let h be r(-155). Let k(z) = z**2 + 3*z - 4. Let f be k(3). Calculate the highest common divisor of f and h.
7
Suppose 20*n - 16*n + 4*k - 464 = 0, 4*n - 416 = 4*k. Calculate the highest common factor of n and 8690.
110
Suppose -26*c = -848 + 3682. Let l = c - -151. Calculate the highest common divisor of l and 140.
14
Let l be ((-15)/18 - -1)*(-1632 - -16)*-3. What is the highest common factor of 8 and l?
8
Let o(u) = 279*u + 1256. Let b be o(5). Calculate the highest common divisor of 33 and b.
11
Suppose 5*p - 3*a - 132 = -6*a, a = -5*p + 124. Let w be -15 - -9 - (-7 + -1). Suppose 0 = w*r - 69 - 3. Calculate the highest common factor of p and r.
12
Let y = -39 - -55. Let u = y + 11. Suppose -3*b + 170 = 2*q - 1, b = 4*q - 321. What is the greatest common divisor of q and u?
27
Suppose 0 = -3*g + 5*i - 39, -5*i = 20*g - 15*g + 105. Let r = -3 - g. Suppose -2*d + 150 = 3*d. What is the greatest common divisor of r and d?
15
Let m be (0 + (-10)/3)/((-22)/33). Suppose 5*a - 496 = a. Suppose m*d - a = 16. Calculate the greatest common divisor of d and 70.
14
Suppose -232 = -5*x - s, 188 = 4*x + 103*s - 101*s. Calculate the highest common divisor of x and 32.
2
Suppose 2*z + 12 = 5*b, 4*z + 721 = 5*b + 717. Suppose -2*i - 3 = -167. Calculate the highest common divisor of z and i.
2
Suppose -16476 = -10457*o + 10413*o + 120056. What is the highest common factor of 319 and o?
29
Let v be 66*3 - (-66 - -72). Let b(l) = -l - 7. Let m be b(-13). What is the highest common divisor of v and m?
6
Let n(r) = -2*r**3 - 61*r**2 + 37*r + 231. Let c be n(-31). Let t(k) = 71*k + 1. Let l be t(1). What is the greatest common divisor of l and c?
9
Suppose -7*s + 6286 + 16382 = -4*n, 12964 = 4*s - 5*n. What is the highest common divisor of s and 16?
4
Let g(q) be the first derivative of 13*q**2/2 - 19*q - 127. Let s be g(3). What is the highest common factor of 50 and s?
10
Suppose -26*z + 25*z - 4158 = -4*l, -5*l - 4*z = -5208. Calculate the greatest common divisor of l and 546.
26
Suppose 2*o + 10 = 4*y, -5*o - 2*y + 3*y - 16 = 0. Let g be o/2*364/(-42). What is the highest common divisor of 65 and g?
13
Suppose -26*z = -4117 + 555. Suppose 28*i - 31 - z = 0. Calculate the highest common factor of i and 96.
6
Suppose -6*n = -11*n - 6*p + 6188, -3*n = -2*p - 3724. Calculate the greatest common divisor of n and 20.
20
Suppose 4*a + 3*n - 1251 = 0, 0 = 4*a - 130*n + 134*n - 1248. Calculate the greatest common factor of 168 and a.
21
Let k be (-26 + -7)/((-